-6445 - -130234?
120456
In base 11, what is -225a1 + -131?
-22722
In base 4, what is 3 - -11212333233213?
11212333233222
In base 13, what is 3c873 - -1b12?
41685
In base 2, what is -1001111100 - 1000100111000111000?
-1000101000010110100
In base 2, what is -10 - -10010100100011001110001111?
10010100100011001110001101
In base 7, what is 616310 + 203?
616513
In base 2, what is -100001001111010001111 + -101?
-100001001111010010100
In base 3, what is 1020022 - -101002112?
102022211
In base 9, what is -854 - -325?
-528
In base 6, what is -43212003030 + 2?
-43212003024
In base 6, what is -1122 + -341422?
-342544
In base 10, what is -477914 - 24?
-477938
In base 11, what is -1 - -1251984?
1251983
In base 4, what is -11 + -2331122032332?
-2331122033003
In base 4, what is 1103002210 + 3?
1103002213
In base 14, what is -3 + 6a42a1?
6a429c
In base 13, what is 19b16a + 3?
19b170
In base 14, what is 1447 + 198a1?
1ad08
In base 14, what is -1511ca4 + 1?
-1511ca3
In base 14, what is 42 - 66544b?
-665409
In base 3, what is 12 - 1122220102011211?
-1122220102011122
In base 8, what is -142432 + 622?
-141610
In base 15, what is 40a42 + b?
40a4d
In base 2, what is 111100110101 + -110111011010?
101011011
In base 6, what is 0 + 35102305?
35102305
In base 3, what is 2 - -121011012121011111?
121011012121011120
In base 15, what is -828 - 268?
-a91
In base 9, what is 513 + 138554?
140167
In base 12, what is 980105 - 2bb?
97ba06
In base 5, what is 214 - -102020340?
102021104
In base 3, what is 2 - -10101100101020?
10101100101022
In base 2, what is -10011111000 - -10100001111111?
10001110000111
In base 9, what is -228131 - 145?
-228276
In base 8, what is -3363464 + 7?
-3363455
In base 12, what is 6ab3 + -16ba?
53b5
In base 4, what is -13330 - 2303101?
-2323031
In base 5, what is 4 + 122034224343?
122034224402
In base 8, what is -43 + 117272?
117227
In base 2, what is 10100100011100 - -101101101?
10101010001001
In base 8, what is -11 + 12274700?
12274667
In base 10, what is 43877157 - 2?
43877155
In base 12, what is 2 - 16523611?
-1652360b
In base 7, what is -30315 + -11?
-30326
In base 14, what is 4d - 153bd?
-15370
In base 10, what is 4782 + 3129?
7911
In base 9, what is 353747 + -6826?
345821
In base 6, what is -25020210 + -222?
-25020432
In base 8, what is -41671466 + -1?
-41671467
In base 10, what is 274 + -71648?
-71374
In base 9, what is 213230775 - 4?
213230771
In base 9, what is 3 - 276484373?
-276484370
In base 15, what is -2e + 193dc2?
193d93
In base 4, what is 3033111332 + -1330?
3033110002
In base 16, what is 3 + 74a15f?
74a162
In base 3, what is 22021201020001021 - 11?
22021201020001010
In base 10, what is -40523359 + -1?
-40523360
In base 15, what is -d7b2 - 3e5?
-dba7
In base 8, what is 164333346 - 2?
164333344
In base 13, what is -3023c26 + -2?
-3023c28
In base 6, what is 10434154 - 3?
10434151
In base 9, what is -55 - -1403?
1337
In base 9, what is 1 - 1657230?
-1657228
In base 16, what is -5af4f9 + -8?
-5af501
In base 13, what is -1b80 + 6634?
4784
In base 2, what is 10000000100111 - -11010?
10000001000001
In base 10, what is 47 - 1652656?
-1652609
In base 13, what is -1 + -23631b1?
-23631b2
In base 4, what is -111230330003013 + -2?
-111230330003021
In base 8, what is 43716 - 6650?
35046
In base 14, what is 525 + 37526?
37a4b
In base 15, what is 6e - 66b72?
-66b03
In base 2, what is -1000001101100111 + -100011010?
-1000010010000001
In base 4, what is -3 - -31013021330?
31013021321
In base 5, what is -300433420 + -10?
-300433430
In base 2, what is -10 + 10010101100101101100101110?
10010101100101101100101100
In base 11, what is -6847 + 19a6?
-4951
In base 3, what is 1100021101202 - 1120?
1100021100012
In base 12, what is -13318 + 114?
-13204
In base 4, what is -10 + 10200232020320?
10200232020310
In base 6, what is 2421 + -5120002?
-5113141
In base 13, what is 54c + -38750?
-38201
In base 2, what is 1011101100110001011101 - -101?
1011101100110001100010
In base 3, what is -20000011 - 120220221?
-210221002
In base 15, what is 2932192 - 8?
2932189
In base 12, what is 13 + -2292b68?
-2292b55
In base 8, what is -41 + 261655?
261614
In base 6, what is -130 - -15334?
15204
In base 10, what is 45 + 65502?
65547
In base 16, what is -26d + -9b54?
-9dc1
In base 11, what is -6a687a + -a?
-6a6889
In base 12, what is -323159 + a?
-32314b
In base 14, what is -14d - 50951?
-50aa0
In base 16, what is -5 + -111d27d?
-111d282
In base 14, what is -4 + d422c6c?
d422c68
In base 2, what is -1011000010 + -100110011101001?
-100111110101011
In base 9, what is 8 - 30015406?
-30015387
In base 5, what is -331 + -122043132?
-122044013
In base 15, what is -93 + 137128?
137085
In base 8, what is -137 - -1405711?
1405552
In base 4, what is -121013312021 - 2?
-121013312023
In base 14, what is 7b + 11834?
118b1
In base 6, what is 3 - 102451421?
-102451414
In base 16, what is -fddb + 2e?
-fdad
In base 12, what is 55a313 - 26?
55a2a9
In base 13, what is -2 + 2095a1?
20959c
In base 16, what is 0 - -3648d5?
3648d5
In base 8, what is -35 + 2474112?
2474055
In base 2, what is -1 - 1010010100110110010110?
-1010010100110110010111
In base 4, what is 11 - 323323130121?
-323323130110
In base 2, what is 101111110010110010010001 - -100?
101111110010110010010101
In base 7, what is -3164053013 - 3?
-3164053016
In base 5, what is 130022223101 + -2?
130022223044
In base 4, what is -11 - -12230111213?
12230111202
In base 16, what is -2 - -4934ff5?
4934ff3
In base 7, what is 1065511 - -2?
1065513
In base 10, what is -214621 + 13?
-214608
In base 7, what is -4012603060 - -3?
-4012603054
In base 5, what is 1243 - -3012000?
3013243
In base 9, what is -13010832 - 8?
-13010841
In base 7, what is 21325422 + 162?
21325614
In base 5, what is 23304030 + -1134?
23302341
In base 4, what is -1111000032232 - -11?
-1111000032221
In base 4, what is -1 + 132001200122?
132001200121
In base 4, what is 31132233031 - -12?
31132233103
In base 14, what is 58dd46 + -4?
58dd42
In base 13, what is 154ba9 + 52?
154c2b
In base 5, what is 102432 - 1204024?
-1101042
In base 3, what is -10022210211122201 + 10?
-10022210211122121
In base 2, what is 1010110 + 10010011100011111000?
10010011100101001110
In base 14, what is 50d - 1914?
-1405
In base 10, what is 17666394 + -4?
17666390
In base 4, what is 2000223 - 10222030?
-2221201
In base 5, what is -22 - 21401313?
-21401340
In base 4, what is 210313012201 + -2?
210313012133
In base 6, what is 12230 - 101313?
-45043
In base 14, what is 73570d - -1a?
735729
In base 2, what is -1001101001 + 101000100000111?
100111010011110
In base 16, what is a + -11e9d?
-11e93
In base 6, what is 2325 - 111145?
-104420
In base 11, what is -401 - -101666?
101265
In base 5, what is 1343 + 123201123?
123203021
In base 8, what is 214 - -15476113?
15476327
In base 11, what is 63179 + -1819?
61460
In base 7, what is -12 - 16434654?
-16434666
In base 8, what is 121622113 - 6?
121622105
In base 11, what is -285289 + -53?
-285331
In base 3, what is 22102212 - 2111022022?
-2011212110
In base 5, what is -3 - 102324213442?
-102324214000
In base 14, what is -b979 + 13d?
-b83a
In base 4, what is 222102 + 3013220?
3301322
In base 3, what is 211 - 21202112221200?
-21202112220212
In base 12, what is -80844a - -1?
-808449
In base 16, what is -8e85 + -d3?
-8f58
In base 13, what is -4 - -2161685?
2161681
In base 13, what is 4 + -145cbc0?
-145cbb9
In base 11, what is 30 - -3a848?
3a878
In base 5, what is 143324134 - 1?
143324133
In base 3, what is 11001212 - 10102222212?
-10021221000
In base 4, what is -2 - 31302122?
-31302130
In base 12, what is 620a7 - -2?
620a9
In base 2, what is -1011001011000001101110 - -10?
-1011001011000001101100
In base 16, what is e2e623 + -5?
e2e61e
In base 15, what is -5 - 26c1482?
-26c1487
In base 14, what is -29 - 107ab0?
-107ad9
In base 5, what is 1021403 - 3421?
1012432
In base 13, what is 3927c81 + 3?
3927c84
In base 14, what is -d93 - -249d?
150a
In base 14, what is cb + 454b6?
455a3
In base 16, what is -2708c - -73?
-27019
In base 8, what is -233 + -1361444?
-1361677
In base 5, what is 11 + 12321323021?
12321323032
In base 2, what is 111 + 100101110100010001101001?
100101110100010001110000
In base 12, what is -4454b4b8 + -3?
-4454b4bb
In base 12, what is -66 - 41051a?
-410584
In base 8, what i